ppose 3*v + 1 = d, 5*p - 4*v = 612. Let n = p - -59. Is n a prime number?
False
Suppose 4*g - 2281 = 3*s, -s = 5*g - 2*s - 2854. Let a = -360 + g. Is a a composite number?
False
Let f(c) = -c**3 + 13*c**2 - 6*c - 65. Let g be f(12). Is (3405/(-9))/((14/(-6))/g) composite?
True
Suppose -5*q + 120 - 400 = 3*x, -90 = x + q. Let k = 378 + x. Is k composite?
False
Let n = -2209 + 3985. Suppose -i = -2*l - 597, -2*l - n = -3*i + l. Is i prime?
True
Let h = -73 - -70. Let k be (-6 + h/(-1))/(9/(-12)). Suppose 3*x - 1848 = -3*i, 0 = -x - x + k*i + 1220. Is x composite?
True
Suppose 3*y - 9*y + 30 = 0. Suppose -4236 = y*m - 1426. Let q = 73 - m. Is q a prime number?
False
Is (15/(-10))/((-27)/90) + 523088 + 0 prime?
True
Let c(w) = -57*w - 162. Let g be c(-3). Suppose -5*q + g*v + 10690 = 5*v, -2*v = 3*q - 6414. Is q composite?
True
Let v = -5105 + 61814. Suppose -5*a + 3971 = 4*p - 41383, 0 = 5*p - 2*a - v. Is p a prime number?
False
Suppose -w - 1615033 = -4*z, -157*z + 153*z = 5*w - 1615003. Is z a composite number?
False
Let g(x) = -19 - x + 15*x**2 + 26*x**2 + 24*x**2 - 2*x**2. Is g(-5) a prime number?
False
Let l(u) = 221*u + 19. Let y(r) = -r + 1. Let f(c) = l(c) - 6*y(c). Let d(b) = 228*b + 15. Let n(s) = -6*d(s) + 5*f(s). Is n(-4) prime?
True
Suppose -3*j + 2*t = -266, j - 2*j + 86 = -2*t. Let q = 82 - j. Is ((24/9)/(-4))/(q/16332) composite?
False
Let j(h) = 19*h**2 - 11*h + 101. Suppose 1 = -3*c + 28. Is j(c) a composite number?
True
Suppose -t - 2234 = a - 12044, 0 = 4*t - 5*a - 39213. Is t/30 - (-3)/30 composite?
True
Let q = 269 + -277. Is (-18)/(-24) - 36370/q a composite number?
False
Suppose -15*a = -18*a. Let z(c) = 4*c + a*c + 7*c + 1637. Is z(0) a composite number?
False
Let k(x) = -69*x - 33. Let o be k(-6). Suppose -o = -3*t - 5*n, 7*n + 381 = 3*t + 4*n. Is t composite?
False
Let x(i) be the third derivative of 17*i**5/20 - 11*i**4/24 + 7*i**3/2 - 7*i**2. Let q be x(4). Is q/2 - (2 - (-5)/(-2)) a prime number?
True
Suppose 5*u = 2*a + a - 177, 21 = -u - 3*a. Let v be (-11)/u - (1 - (-430)/(-6)). Suppose 0 = -v*q + 67*q + 1556. Is q prime?
True
Suppose h + 2*v - 245 = 0, -2*h - 5*v + 10*v = -535. Suppose -2*g + 5*z = -3*g + 243, 0 = g - z - h. Let a = -111 + g. Is a prime?
False
Let n = 181 - 181. Suppose n = 2*t - 1444 - 310. Is t a prime number?
True
Suppose -4*r + u + 117140 = 0, 0 = -4*r - 3*u + 39294 + 77862. Let n = r + -5963. Is n a composite number?
True
Let x be (-6)/(-3)*6*1. Let b be (236/(-10) - x/30) + 3. Is (-2)/7 - 25773/b prime?
False
Suppose 5*h - 44 = -4*s, -4*h + 3*h = 3*s - 11. Let j be (20/h)/((-2)/(-584)). Suppose j - 189 = t. Is t composite?
False
Suppose -1327*x + 3714651 = -1318*x. Is x a prime number?
True
Suppose 4*x + 3095 - 15462 = -a, -2*a + 9279 = 3*x. Is x a composite number?
True
Suppose -45*m + 21950683 - 6202903 = 15*m. Is m a prime number?
False
Suppose 0 = -3*w + 5*h + 75496, 7*w + 125892 = 12*w + h. Is w a prime number?
False
Let q(a) = -5*a**2 + 4*a - 24. Let m(r) = 5*r**2 - 3*r + 25. Let d(l) = -4*m(l) - 3*q(l). Let o be d(23). Let f = 5600 + o. Is f a prime number?
True
Suppose -652 = -3*h + 2807. Let y = h + -805. Suppose 3*l = -4*q + y, -3*l = 2*q - 4*q + 174. Is q prime?
False
Suppose 40 + 40 = 10*u. Suppose -30 - 234 = -u*t. Let s = 98 - t. Is s a composite number?
True
Suppose 39*y - 4894494 = 4*y + 2*y. Is y a composite number?
True
Suppose -19*v - 9 = 29. Is (0 + v)*10/(10/(-1103)) composite?
True
Let k be (2 + 3)*(-363)/55. Let m = -7 - k. Let o = m + -13. Is o prime?
True
Suppose 3*q - m = 170 + 218, q + 7*m = 100. Suppose 603 = 5*b + 93. Let o = q - b. Is o composite?
True
Suppose 5*m + 45 + 0 = 0. Let r = -9 - m. Suppose -4*w + w - 3*o + 5688 = r, -5*o = 25. Is w a prime number?
True
Suppose -26*d + 255134 = -4*d. Suppose -2*s - 7*u + 5800 = -5*u, -4*s = u - d. Is s prime?
False
Let l(n) be the first derivative of 4*n**4 - 6*n**3 - 7*n**2/2 - 10*n + 44. Is l(7) a composite number?
False
Suppose -2*a = -4*y - 331290, 3*a - 5*y = 591953 - 95014. Is a composite?
False
Suppose -b - 46060526 = -59*b. Is b a prime number?
False
Suppose 3*z + 2*z = -15. Let s be 2 + 3 + (0 - z). Suppose 1963 = 5*n + s. Is n a composite number?
True
Let t(p) = 15*p**2 + 3*p + 2. Let r be t(-13). Let w = 4749 - r. Is w prime?
True
Suppose -9*d = -27492 + 8556. Suppose 4*x - d - 2484 = 0. Is x a composite number?
True
Suppose 2*c + 43*v = 40*v + 10957, -c = v - 5476. Is c composite?
False
Let f = 877079 + -437862. Is f composite?
False
Suppose 0 = -3*l - 5*x + 152038, 5*x - 12 = 13. Is l a composite number?
False
Is (165/(-132))/((-2)/157448) a composite number?
True
Suppose -u + 57563 = 3*c, -5*u + 127764 = 3*c - 160075. Is u a prime number?
False
Suppose -36*h - 16505706 = -65204670. Is h a composite number?
False
Let t = -219 - -223. Suppose 17958 = t*d - 4*v - 13066, 4*d - 31003 = -3*v. Is d a composite number?
False
Suppose 74*m - 62480906 = -176*m + 84*m. Is m composite?
True
Let r(k) = 148*k**2 + 3 + 0 - 2*k + 1 - 5. Let s be r(-1). Suppose 2*p - p - s = 0. Is p a prime number?
True
Suppose 24*r - 22*r + 4*y = 96738, 2*r - 4*y = 96746. Is r a prime number?
True
Let s(z) = 2*z**3 - 11*z**2 - 6*z - 2. Let b be s(6). Is (1 + (b - 93))/(90/(-6705)) composite?
True
Suppose m - 2*m + i + 5 = 0, m + 5 = -4*i. Suppose 4*n + 2*w - 28324 = 3*w, -m*n - 3*w = -21243. Let o = n + -4512. Is o a prime number?
False
Let w be (-17)/(-68) - 2*(-17)/(-8). Is (-9847)/w + 1/4 prime?
False
Suppose -21*i = -250*i + 32323121. Is i a composite number?
True
Let p(t) = -5*t + 31. Let w = -61 - -68. Let b be p(w). Is (0 - -1) + -5 + (-20148)/b composite?
True
Let v(d) = 7*d**2 - 3*d + 2. Let t be v(-6). Suppose -238*z = -227*z + 1727. Let m = z + t. Is m prime?
False
Let s be (-6)/(-18) + (-20)/(-12). Let c(y) = 3*y**s + 4*y - 5*y + 16*y**3 - 2*y. Is c(2) prime?
False
Suppose 29*h - 32*h + 512377 = 4*r, 2*r = -4*h + 683146. Is h composite?
True
Suppose 5*q = 3*a - 464283, 886832 = 5*a + 5*q + 113107. Is a a prime number?
False
Suppose -40 = 9*f - 13*f. Suppose 6721 = 3*s + y, 2*y = -3*y - f. Suppose 880 = -g + s. Is g a prime number?
True
Suppose 2*j - 3*w = -101, -2*j - 38 = -4*w + 62. Let c = j - -115. Suppose -4*y - 2*t = -68, 7 - c = -4*y - 5*t. Is y prime?
True
Let c(r) = 2469*r**2 - 11*r + 5. Let a be c(2). Suppose -a = -8*f - 2331. Is f composite?
False
Let a(y) = -10 + 7 - 21*y + 10 + y**2 + 18. Let g be a(20). Suppose g*h + 25 = 0, -5*h = 2*u - 0*u - 41. Is u a composite number?
True
Let a(d) be the second derivative of d - 7 + 16/3*d**3 - 43/2*d**2. Is a(13) a composite number?
False
Suppose -4*q + u = -12, 0 = 5*q - 3*u - 9 - 6. Suppose -q*l = 2*j - 11707, -4*l - 9598 = -5*j - 25169. Is l a composite number?
True
Suppose 0 = 7*h - 6*h + 8. Let g be 4 - (-2)/(h/20). Is (-479)/(3/3*g) prime?
True
Let k = 192 - 201. Let r(l) = 16*l**2 + 15*l + 16. Is r(k) prime?
False
Let k(t) = 135*t**2 - 2885*t - 1. Is k(-31) composite?
False
Suppose -42*i + 344528 = -127678. Let m = i + -3526. Is m prime?
True
Suppose -2*h + 3*h = -t + 1086, 2*t = 2*h + 2176. Suppose -m + 4*z + t = 5*z, -3*m + z = -3261. Is m composite?
False
Let p(q) = q**2 - 8*q - 3. Let v be p(-29). Suppose -4*l + v = 266. Is l a composite number?
True
Let a(l) = 36*l + 3. Let g be a(0). Suppose g*o = 6627 + 6870. Is o a composite number?
True
Suppose -g = -0*g + 3402. Let n(o) = -5*o**3 + 7*o**2 + 14*o - 33. Let z be n(7). Let k = z - g. Is k a prime number?
False
Let s = -33 + 108. Let m = 82 - s. Is 13956/m - ((-130)/(-35) - 4) prime?
False
Let a(j) = -8*j**3 + 10*j**2 - 14*j - 1. Is a(-8) a composite number?
True
Let u(b) = 5*b - 35. Let f be u(8). Suppose i + 2*i = 2*q + 2952, 0 = f*i - q - 4920. Suppose k = 5*g + i, -4*k + g - 494 = -4411. Is k prime?
False
Let z = -490 + 494. Suppose -z*x = 4*t - 1036, -t - 301 = -2*x + 229. Is x a composite number?
False
Suppose 4*s + d = -32, -40 = 123*s - 118*s - 3*d. Let u(k) = 11*k**2 + 32 - 8*k + 3 + 2*k. Is u(s) prime?
True
Let c be -39 + (-5)/10*-4. Let i = -31 - c. Is (-12729)/(-11) - i/33 prime?
False
Suppose -4*z + 75161 = q, -5*z + 150342 = 2*q - 7*z. Is q a prime number?
True
Suppose -5*j - 33 - 17 = 0. Let z be j/15 - 2/(-3). Let f(w) = -w**3 - w**2 + 2*w + 161. Is f(z) prime?
False
Suppose s - 165*x = -1